lculate the highest common factor of n and 335.
67
Let g(o) = 479*o - 1429. Let j be g(3). Calculate the greatest common factor of 8016 and j.
8
Let z = -20 - -40. Let q be 52*6/4*(-22)/(-33). Suppose 0 = 9*n - q + 16. Calculate the highest common factor of n and z.
4
Let f = 1906 + -1124. Suppose -14*p = -954 - f. Let j be ((-2)/3)/((-10)/465). What is the highest common factor of p and j?
31
Let a(k) = -k**2 - 11*k + 20. Let s be a(-9). Let m be -3 + (-548)/(-4) + -1 + 0. What is the greatest common factor of s and m?
19
Let w = 6769 - 6719. Let f = -168 - -238. Calculate the greatest common divisor of f and w.
10
Suppose 1418 = 5*r - 4*d, 2 = d - 1. Let k = r + -236. What is the highest common divisor of 175 and k?
25
Suppose 17*x + 7 = r + 20*x, 0 = 2*r + 2*x - 42. Calculate the highest common divisor of r and 2324.
28
Suppose 254*j = 95*j + 1431. Calculate the highest common factor of j and 1629.
9
Let u = 77 + -12. Let t be 10 - ((-200)/8 + 9). What is the highest common divisor of t and u?
13
Let k(p) = 2*p**2 - p + 12. Let z be 0 + 0 + 10 + -6. Let f be k(z). Calculate the greatest common divisor of f and 160.
40
Let r = -6472 - -6801. Calculate the greatest common factor of 423 and r.
47
Let u be ((-53)/2)/(2/4). Let g = -5 - u. Let z = 887 - 827. What is the greatest common divisor of z and g?
12
Let b(o) = 4*o**2 + 5*o - 12. Let f be b(-3). Suppose 2*q - 24 = 3*y + 3, f = 4*q + 3*y. Calculate the greatest common factor of 6 and q.
6
Let m(a) = -3*a**3 - 13*a**2 - 10*a + 24. Let l be m(-9). Suppose -21*n + l = 198. What is the greatest common factor of n and 575?
25
Suppose -3*h = -n - 188, -2*n + 54 = 2*h - 66. Let l = -117 + h. Let y = 11 - l. What is the highest common divisor of y and 22?
22
Suppose 3*x - 52 = -4*y, -79*y - 13 = -80*y + 5*x. Suppose 3*w = c + 302, 10 = -2*c - 0. Suppose -i + w = -44. What is the highest common factor of i and y?
13
Let l = 86 + -126. Let m be (-3)/(36/l)*(-6)/(-4). Suppose 25 = -m*u, -2*u + 32 = -5*x + 122. Calculate the highest common divisor of 144 and x.
16
Let j(k) = k - 1. Let a be j(4). Let h(p) = 6*p + 9. Let s be h(-1). Suppose -187*l + 190*l = s. What is the highest common factor of a and l?
1
Suppose 3*o - 28*o - 200 = 0. Let b(t) = -59*t - 459. Let l be b(o). What is the greatest common factor of l and 403?
13
Suppose q - 25 = o, -o - 2*q - 76 = 3*o. Let f be -6*39/(-6) - (2 - 5). Let j = o + f. What is the highest common divisor of 21 and j?
21
Let i(u) = -u**3 + 14*u**2 + 52*u - 568. Let y be i(14). Suppose l + 1 = 2. Let j(t) = 31*t + 1. Let b be j(l). What is the greatest common divisor of b and y?
32
Suppose d + 5*p - 2520 = 0, 21*p + 5053 = 2*d + 18*p. Calculate the greatest common factor of d and 25.
25
Suppose -12*w - 186 = -378. Calculate the greatest common factor of w and 92.
4
Suppose 0 = -6*o - 6 + 6. Suppose 5*s = -3*n + 25, 5*n + s = -o*n + 71. What is the greatest common factor of n and 375?
15
Suppose 5*y = 4*l + 56, -2*y = 41*l - 42*l - 20. What is the greatest common divisor of 2824 and y?
8
Let v be (-24)/8*(-4)/(-6). Let o = 4 + v. Let m be (-54)/45*(-15)/o. Calculate the greatest common factor of m and 1.
1
Suppose -2*c + 13 = -5. Suppose 2*j + j = c. Suppose 6*a - 36 = 3*a + 5*n, 60 = 5*a + j*n. Calculate the highest common divisor of a and 24.
12
Let h(p) = 130*p - 42. Let o be h(5). Let x = o + -332. Suppose 4*a - 312 = x. Calculate the greatest common factor of a and 21.
21
Suppose 16*f - 22 = 26. Suppose f*k - 2*r = 32, r - 85 = -5*k - 2*r. Suppose m - 84 = -m. Calculate the highest common divisor of k and m.
14
Let k(q) = -q**3 - 73*q**2 + 387*q - 39. Let u be k(-78). Calculate the highest common divisor of u and 45.
15
Let h(s) = 90*s**2 - 4*s + 4. Let q = 27 - 29. Let z be h(q). Calculate the highest common factor of z and 12.
12
Let s(x) = x**3 + 9*x**2 + 9*x + 26. Let l(g) = -g**2 + 24*g - 88. Let b be l(20). Let n be s(b). Calculate the greatest common factor of 18 and n.
18
Let d be 11 - (-4)/((-8)/(-21338)). What is the highest common factor of d and 10?
10
Suppose 0 = 12*h - 5*h - 35. Let q = 7 - h. Let x be q + -2 + (3 - -29). What is the greatest common divisor of x and 4?
4
Suppose 32 = 47*m - 46*m. Let k(n) = 8*n + 16. Let y be (-66)/(-8) - (-2 + 1)/(-4). Let l be k(y). Calculate the highest common divisor of l and m.
16
Let r = 3057 + -3008. What is the highest common factor of 2044 and r?
7
Let s = -237 - -265. Suppose -4*r - 72 = -2*h, -21 = -2*h + 3*r + 48. Suppose 184 = h*j - s*j. What is the highest common divisor of j and 138?
46
Let d(s) = 2*s**2 + 33*s - 2. Suppose 10*v = -87 - 83. Let g be d(v). Calculate the greatest common divisor of g and 720.
15
Let r be 4/(-18) - 714/189. Let q(h) = -5*h**2 - 2*h**2 + 11*h**2 - 4 - 3*h**2. Let c be q(r). Calculate the greatest common divisor of 12 and c.
12
Let b(g) = -17*g - 34. Let y be b(-8). Suppose 107*p - y*p - 55 = 0. Suppose -10*z + p*z = 81. Calculate the highest common factor of 18 and z.
9
Suppose 22*a - 21*a = 119. Let m be ((-21)/5)/((-162)/270). What is the highest common factor of m and a?
7
Let z(v) be the second derivative of -2*v**2 - 3/2*v**3 + 0 + 47*v - 1/12*v**4. Let j be z(-6). What is the highest common factor of j and 21?
7
Suppose 2*q = 8, 3*n - 3*q - 32 = -23. Calculate the highest common factor of n and 4501.
7
Suppose 0 = -2*x + 3*s + 824, -22*s = 3*x - 20*s - 1249. Let j = x - 339. Calculate the highest common factor of 8 and j.
4
Let m be (-15)/10*3/(18/8). Let a(z) = -z**3 - 2*z**2 - 7*z - 5. Let c be a(m). What is the greatest common factor of 81 and c?
9
Let u = -5 - -211. Let n = u - 197. What is the greatest common divisor of n and 288?
9
Let t = 15 + -11. Let l(k) = k - 214. Let q be l(24). Let n be (-87)/(-203) - q/14. Calculate the highest common divisor of n and t.
2
Suppose -101*w + 624 = -75*w. Let m be 6/(-9) - (-82)/6. Let b = w - m. Calculate the greatest common divisor of b and 11.
11
Let f be -6 + 16/(-12)*-3. Let l be (f - 20)/(8 + -10). Suppose 37*d + 11 = 38*d. What is the greatest common factor of d and l?
11
Let j(c) = 2*c**2 + 4*c + 38. Let r be (-2)/11 + 126/(-33). Let q be j(r). What is the highest common divisor of q and 108?
54
Suppose 18*n - 24462 - 16783 - 36911 = 0. What is the highest common divisor of n and 26?
26
Suppose 12*m - 17*m + 4*d + 1321 = 0, 2*d + 8 = 0. What is the highest common factor of 116 and m?
29
Suppose 358*b - 360*b + 74 = 2*l, -4*b = l - 145. What is the highest common factor of 36 and b?
36
Let l(t) = -t**2 + 48*t + 622. Let y be l(58). Suppose -7*c + 11*c - 16 = 0. Suppose 0 = -0*f + c*f - 420. What is the greatest common factor of y and f?
21
Let x = 127 - 52. Suppose -28*v + 22*v = -1680. Let i = v - 230. What is the greatest common divisor of x and i?
25
Let m = -43 + 63. Suppose 3*y + 5*d + 55 = 0, 5*d = 2*d - 6. Let u(t) = t**2 + 9*t - 30. Let z be u(y). What is the highest common divisor of z and m?
20
Suppose 150 = 3*w + 7*w. Let p be (-120)/(-21) - (w/21 + -1). Suppose 3*f = 5*z + 223, 201 = 5*f - z - 134. Calculate the highest common divisor of f and p.
6
Let f(k) be the third derivative of -k**6/120 - k**5/12 + k**4/6 + 11*k**3/6 + 13*k**2 + k. Let d be f(-6). What is the greatest common factor of d and 1?
1
Suppose 0 = 130*u - 147693 + 8333. What is the greatest common divisor of u and 48?
16
Suppose -d = -3*d + 8. Suppose -d*o + 22 - 14 = 0. Calculate the highest common factor of 2 and o.
2
Let c = 9 + -4. Let w = -266030 - -266070. Calculate the highest common factor of c and w.
5
Suppose -864*x + 859*x + k = -1567, -2*k + 935 = 3*x. What is the highest common divisor of 25666 and x?
313
Let g(o) = -7*o + 121. Let p be g(18). Let y be 69 - (-3)/(45/12)*p. What is the highest common divisor of y and 1235?
65
Let i = -24432 - -24480. What is the highest common factor of 132 and i?
12
Let r = -8616 - -9213. Calculate the greatest common divisor of r and 3.
3
Suppose 5*d + 35 = 0, 439*v - d = 444*v - 1133. What is the highest common divisor of 2812 and v?
76
Let k = -160 - -160. Suppose u + 3*u = 5*t - 214, -5*u - 5 = k. Calculate the highest common divisor of t and 546.
42
Let t be 1/3 + -4*18/(-27). Let n be (0 + -25)*(t + -1 + -3). What is the highest common divisor of 25 and n?
25
Let h be ((-5)/(